t o = 4 + -2. Suppose 0 = z + o*z. Suppose z = -5*n - 0*n - 15. Give r(n).
-2
Let w(z) be the second derivative of -z**4/12 - z**3/2 - 2*z**2 - 11*z. Determine w(-3).
-4
Let g(s) be the second derivative of s**4/6 - s**3/6 + s**2/2 - 6*s. Give g(2).
7
Let j(v) = v + 7. Suppose -2*m = -i - 3*m - 10, -4*i + 5*m = 4. Calculate j(i).
1
Let d(j) = -2*j + 0*j + j - 11. Let m = -6 - -1. Let l be (m/(-2))/((-2)/4). Calculate d(l).
-6
Let j = 12 + -15. Let v(k) = -4*k - 3. Determine v(j).
9
Let g = 19 - 24. Let x(j) = -j**3 - 4*j**2 + 3*j - 6. Give x(g).
4
Let n(m) = 4*m**2 + 76*m - 78*m - 1 + m**3 + 1. Calculate n(-3).
15
Let p(h) = -h - 9. Suppose g + 31 = -5*d, 35 = -g - 4*g - d. Calculate p(g).
-3
Let r(b) = b**3 - 4*b**2 - 6*b + 2. Let f be (-1)/6 - 41/6. Let u = 13 - 25. Let c = f - u. Determine r(c).
-3
Let h(p) = -p**3 - p**2 - p + 11. Suppose 0 = t - 2*t. Calculate h(t).
11
Let b(d) = 4*d**2 + 2*d + 3. Let m(a) = 2*a**2 - a - 1. Let f be m(-1). Let k(z) = -9*z**2 - 5*z - 7. Let s(y) = f*k(y) + 5*b(y). Give s(1).
3
Let k(f) = 4*f**3 - f. Suppose -4*m + 10*m = -6. What is k(m)?
-3
Let p(x) = x**2 + 3*x - 7. Let m(y) = y**2 - y + 6. Let t(z) = 5*z**2 - 3*z + 24. Let j(w) = 9*m(w) - 2*t(w). Let k(c) = -5*j(c) - 4*p(c). Determine k(-2).
-4
Let q(p) be the first derivative of p**2/2 - 2*p + 40. Determine q(-5).
-7
Let s(v) = 3*v**2 - 10*v + 8. Let m(y) = y**2 - y + 1. Let q(d) = -4*m(d) + s(d). Let o(f) = f + 4. Let a be o(0). Let k be -1*a*(-12)/(-8). Give q(k).
4
Let b(a) = 5*a**2 - 3*a. Let k = -8 + 3. Let z(f) = -11*f**2 + 6*f. Let o(y) = k*b(y) - 2*z(y). Let w = 5 + -3. Give o(w).
-6
Let q(k) be the first derivative of k**2/2 + 6*k - 11. Calculate q(-6).
0
Let f(l) = 2*l**2 - 3*l + 4. Let p = -6 + 10. Let c(n) = -n**3 + 3*n**2 - 4*n + 5. Let m(t) = p*f(t) - 3*c(t). Calculate m(1).
3
Let b(m) be the third derivative of m**5/10 - m**4/12 + m**3/6 + 12*m**2. Calculate b(1).
5
Let y(m) = m**2 - 4*m + 3. Let u be 2*(-3 - -2)/(-2). Let k = u + 2. What is y(k)?
0
Let y(l) = l**2 - 5*l + 1. Let q(t) = t**2 - 5*t + 1. Let p(x) = -5*q(x) + 6*y(x). Suppose 21 = -5*i - 9. Let d be 1/(-2)*2 - i. Give p(d).
1
Let p(f) be the first derivative of -1/2*f**2 + 1/24*f**4 + 3 + 1/6*f**3 + 0*f. Let a(z) be the second derivative of p(z). What is a(-5)?
-4
Let h(n) = -n + 1. Suppose 0 = -2*w + 15 - 5. Calculate h(w).
-4
Let w(v) = -3*v - 1. Let j be w(-4). Suppose -2*q = 3 - j. Let z(m) = -3*m + 2*m + q - 1. Determine z(4).
-1
Let t be (12/9)/(1/(-72)). Let o be 3/(-15) - t/(-20). Let y(s) = 3*s**3 - 4*s**2 + 5 - 4*s**3 - s + 5*s. Give y(o).
10
Let q be (1 + -2 - 0) + 2. Suppose x + x = k + 3, q = -2*k - x. Let d(l) be the second derivative of -5*l**3/3 - 11*l. What is d(k)?
10
Let w(c) = 5*c**3 - 10*c**2 + 3*c + 3. Let o = -10 + 17. Let f(r) = 2*r**3 - 5*r**2 + r + 2. Let s(z) = o*f(z) - 3*w(z). Determine s(-4).
-3
Let d be 54/30 + (-1)/(-5). Suppose d*u = q + 5*u + 8, -12 = 3*q + 5*u. Let v(f) = 10*f**3 - 2*f + 1. What is v(q)?
9
Let j(x) = -2*x - 6. Suppose 0 = 5*m - 2*t + 31, t - 12 = -3*t. Determine j(m).
4
Suppose 2 = -d - d. Suppose -3*u + 17 - 2 = 0. Let a(l) = 2*l - u*l - 3*l. Give a(d).
6
Let d(k) = 4*k**3 - 2*k**2 - 3*k - 1. Let a = 7 - 2. Let v(g) = 7*g**3 - 3*g**2 - 6*g - 1. Let s(w) = a*d(w) - 3*v(w). Suppose -5 - 10 = 5*b. Calculate s(b).
7
Let f be 1 - (-1 + 2 + -3). Suppose -f*r - 18 + 9 = 0. Let d(a) = -a**2. Give d(r).
-9
Suppose -1 = -2*d + 3. Let j(f) be the second derivative of -1/6*f**3 + 0 - f**2 + d*f. Calculate j(-3).
1
Let x(k) = 3*k**3 - k**2. Let n be (3*-4)/3 + 1. Let m be n/(((-9)/(-6))/(-1)). Let h = m - 3. Determine x(h).
-4
Let x(n) = -4 + 2 + 1 + n**2 - 4*n. Let s = 20 + -19. Let d be 6 + s + (-5 - -3). Give x(d).
4
Let h(t) = -t**2 + 6*t - 6. Suppose 4 + 8 = 3*g. Calculate h(g).
2
Suppose 0 = 9*i + 10 + 8. Let q(r) = -3 - 3 + 5 + r. What is q(i)?
-3
Suppose 3*q - 3 = 12. Suppose 0*x + d + 16 = -3*x, q*d = -2*x - 2. Let n(f) = f**3 + 6*f**2 + 2*f + 2. Calculate n(x).
-10
Suppose -27 = -5*r + 18. Suppose 2*l + 1 + r = 0. Let b(c) = -2*c. Determine b(l).
10
Suppose 0 = 12*d - 11*d + 5. Let a(g) = g + 7. Calculate a(d).
2
Let x(j) = -j**2 - 6*j. Let s be 2 + -1 - (9 - 2). Let d be x(s). Let a(w) = w**2 - w + 9. What is a(d)?
9
Let q(r) be the second derivative of -1/2*r**2 + 3*r - 1/3*r**3 + 0. Determine q(3).
-7
Let h be (-1)/(-5) - (-20)/25. Let i be ((-2)/h)/(2/7). Let t(u) = -u**2 - 7*u - 2. Determine t(i).
-2
Suppose 0 = -y + 5*y. Let q(h) = -h + 2*h + y*h. Suppose 10*r + 20 = 5*r. Calculate q(r).
-4
Let s(u) be the second derivative of -u**4/12 - 3*u**2/2 - 2*u. Suppose 0 = 4*r - 6*r. Give s(r).
-3
Let t(o) = 3*o - 1. Let r be (2/(-3))/((-11)/66). Let u be 2/(-4) - (-18)/r. Give t(u).
11
Let r(g) = -2*g - 1. Let x be r(-5). Let n = 4 - x. Let u(p) = p**2 + 5*p - 2. Give u(n).
-2
Let t(w) = -w**2 - 7*w - 7. Let k(q) = 3*q - 1. Let x be k(-2). Determine t(x).
-7
Let b(f) = -f - 2*f + 2*f - 2 + 3. Let m(l) = -1. Let z(h) = -b(h) + m(h). Suppose 2*u = -5*q - 2 + 8, 0 = -u + 3. What is z(q)?
-2
Let m(i) = -14*i**3 + 15*i**2 - 6*i - 4. Let c(g) = -5*g**3 + 5*g**2 - 2*g - 1. Let w(v) = 11*c(v) - 4*m(v). Calculate w(4).
-3
Suppose 0 = 3*f + l - 4, 6*f = f - l + 4. Suppose w - 6 = -f*w. Let b(t) = t - 8. Give b(w).
-2
Let u be 6/3 - 1*-2. Suppose -u*l = 1 + 23. Let n = l - -11. Let o(i) = i + 4. Determine o(n).
9
Let h(f) = 2*f - 3. Let w(a) = a + 0*a + 1 - 3*a. Let n be w(6). Let x = -8 - n. Calculate h(x).
3
Let p(f) = f**3 - 4*f**2 - 2*f - 11. Let t be p(5). Let u(j) be the third derivative of -3*j**2 - 1/24*j**t + 0*j + 0 + 7/6*j**3. Calculate u(5).
2
Let v(y) = 7*y + 1. Let h = -46 + 47. Determine v(h).
8
Let g(w) be the third derivative of -w**5/60 + w**4/6 - w**3/6 + 17*w**2. Calculate g(5).
-6
Suppose -3*w - 3*r + 19 = 2*r, -4*w = -2*r - 60. Let i = 8 - w. Let o(h) = h**3 + 5*h**2 - h - 5. Give o(i).
0
Let r(m) be the first derivative of -m**3/6 + 3*m**2 - 3*m + 7. Let t(l) be the first derivative of r(l). Let j = 0 + -5. What is t(j)?
11
Suppose 12 = -3*g - 12. Let z be g/(-6) + 8/12. Let n(j) = -j**3 + j - 1. Let t(b) = -5*b**3 - 3*b**2 + 7*b - 4. Let u(f) = -6*n(f) + t(f). Give u(z).
0
Let n(p) = -p**3 + 7. Let y = 6 + -6. Calculate n(y).
7
Suppose 5*n - 13 + 3 = 0. Suppose -n*t - 5 = -15. Let m(q) = 5 + 2 + 4*q - q**2 + 0. What is m(t)?
2
Let l(c) be the first derivative of 1/4*c**4 + 0*c**2 + 0*c**3 - 5 - 6*c. What is l(0)?
-6
Let q(a) = -7*a + 19*a - 8*a. Let c = 0 + -1. Give q(c).
-4
Let u(w) = w**3 + 4*w**2 - 4*w + 4. Let x be (-10)/(-4)*(-4)/(-2). Let y(j) = j**3 + 4*j**2 - 4*j + 3. Let d(s) = x*y(s) - 4*u(s). Give d(-5).
-6
Let o(a) = -a + 1. Let s(c) = 3*c**2 + 7*c - 2. Let m = 17 + -16. Let d(u) = m*s(u) + 3*o(u). What is d(-3)?
16
Suppose 0*r + 5 = -5*r. Let o(f) = 4*f - 1. Give o(r).
-5
Let b(m) = -3*m + 5. Let l = -8 + 13. Suppose -2*f + 0*f + 8 = 4*n, 16 = l*n + f. Give b(n).
-7
Let h(c) = c**3 + c**2 + c. Let j(z) = -11*z**3 - 2*z**2 - 3*z - 1. Let a(b) = 2*h(b) + j(b). Determine a(-1).
9
Suppose 5*u + 5*a - 40 = 0, -2*u + 5*a = a + 14. Let k(x) be the second derivative of -x**5/20 + x**4/4 + x**3/3 + 2*x. Determine k(u).
6
Let f(v) be the third derivative of v**6/120 - v**5/10 + v**4/8 + 5*v**3/6 - 3*v**2 - 8. What is f(5)?
-5
Let i(z) be the first derivative of -5/3*z**3 + 1/2*z**2 - 1/4*z**4 + 2 - 5*z. Let a(j) = -j**3 - 10*j**2 + 24*j - 5. Let t be a(-12). Give i(t).
-10
Let z be 30/50 - 32/(-5). Let m(n) = n**2 - 8*n + 9. What is m(z)?
2
Let f(b) be the third derivative of -b**6/120 - b**5/15 + b**4/4 + 5*b**3/6 - b**2. Suppose 15*u = 17*u + 10. Determine f(u).
0
Let i(q) be the third derivative of q**5/60 - q**4/6 - 4*q**3/3 + q**2. Let k(y) = -4*y + 46. Let t be k(10). Give i(t).
4
Let a(v) = -v + 8. Let i = 147 - 138. Determine a(i).
-1
Let n be (9 - 7)*1*2. Let t = n + 0. Let y(a) = 0*a - a - 6 + 3*a. Calculate y(t).
2
Let f(b) = -b + 11. Let d be f(9). Let l(m) = -m + d*m + 5 + 1. What is l(0)?
6
Let s(i) be the second derivative of i**5/20 - i**4/3 + i**3/6 - i**2 - i. Let n be -11 + -3 - (2 + -4). Let k be ((-2)/(-6))/((-1)/n). Give s(k).
2
Let m(c) = 2*c - 4. Let a(x) = -5*x + 11. Let n(d) = 3*a(d) + 8*m(d). What is n(3)?
4
Let s(p) be the second derivative of p**5/20 + p**4/3 + p**3/6 + 3*p**2/2